{"id":1252,"date":"2019-09-16T13:00:05","date_gmt":"2019-09-16T18:00:05","guid":{"rendered":"http:\/\/www.munichilca.gob.pe\/demo2019\/?page_id=1252"},"modified":"2019-09-16T13:03:17","modified_gmt":"2019-09-16T18:03:17","slug":"solicitud-electronica","status":"publish","type":"page","link":"https:\/\/www.munichilca.gob.pe\/site\/solicitud-electronica\/","title":{"rendered":"Solicitud Electronica"},"content":{"rendered":"<h2>SOLICITUD ELECTR\u00d3NICA DE INFORMACI\u00d3N<\/h2>\n<p>\t\t\t<!DOCTYPE html PUBLIC \"-\/\/W3C\/\/DTD XHTML 1.0 Transitional\/\/EN\" \"http:\/\/www.w3.org\/TR\/xhtml1\/DTD\/xhtml1-transitional.dtd\"><br \/>\n<html xmlns=\"http:\/\/www.w3.org\/1999\/xhtml\" dir=\"ltr\"><br \/>\n<head><br \/>\n\t<meta http-equiv=\"Content-Type\" content=\"text\/html; charset=utf-8\" \/><br \/>\n\t<title>Solicitud Electr\u00f3nica de Informaci\u00f3n<\/title>\n\t<link rel=\"stylesheet\" href=\"css\/general.css\" type=\"text\/css\" media=\"screen\" \/>\n<\/head><br \/>\n<body><br \/>\n\t\t<em><br \/>\n        <\/em><\/p>\n<form method=\"post\" id=\"customForm\" action=\"buzon_sugerencia2011.php\">\n<p><em>Ingrese sus Nombres:  &#8230;&#8230;&#8230;.<br \/>\n\t\t\t  <input id=\"name\" name=\"apellidos\" type=\"text\" \/><br \/>\n\t\t\t  Cual es tu nombre?<br \/>\n\t\t\t  <\/em><\/p>\n<p>&nbsp;<\/p>\n<p>\t\t\t\t<em><br \/>\n\t\t\t\t    <label for=\"name\">Ingrese su DNI: &#8230;&#8230;&#8230;&#8230;&#8230;&#8230;.<\/label><br \/>\n\t\t\t      <input id=\"name\" name=\"dni\" type=\"text\" \/><br \/>\n\t\t\t      Cual es tu DNI?<br \/>\n\t\t    <\/em><br \/>\n\t\t\t\t<em><br \/>\n\t\t\t\t<label for=\"name\"><br \/>\n\t\t\t    Ingrese su Email:<\/label><br \/>\n\t\t\t\t&#8230;&#8230;&#8230;&#8230;&#8230;.<br \/>\n\t\t\t\t<input id=\"name\" name=\"correo\" type=\"text\" \/><br \/>\n\t\t\t\tCual es tu Correo Electr\u00f3nico?<br \/>\n\t\t    <\/em><br \/>\n\t\t\t\t<em><br \/>\n\t\t\t\t<label for=\"name\"><br \/>\n\t\t\t    Area a Informar<\/label><br \/>\n\t\t\t\t:&#8230;&#8230;&#8230;&#8230;&#8230;&#8230;<br \/>\n\t\t\t\t<input id=\"name\" name=\"telefono\" type=\"text\" \/><br \/>\n\t\t\t\tCual es tu \u00c1rea donde requiere la informaci\u00f3n?<br \/>\n\t\t    <\/em><br \/>\n\t\t\t\t<em><br \/>\n\t\t\t\t<label for=\"name\"><br \/>\n\t\t\t    Informaci\u00f3n Solicitada:&#8230;&#8230;..<\/label><br \/>\n\t\t\t\t<textarea id=\"name\" name=\"domicilio\" type=\"text\" \/><br \/>\n\t\t\t\t<\/textarea> <\/textarea><br \/>\n\t\t\t\t Indique la informaci\u00f3n que esta solicitando? <\/em><br \/>\n\t\t\t<em><br \/>\n\t\t\t<!--\n\t\t\t\t<label for=\"name\">Name<\/label>\n\t\t\t\t<input id=\"name\" name=\"provincia\" type=\"text\" \/>\n\t\t\t\tCual es tu nombre?\n\t\t\t\t<label for=\"name\">Name<\/label>\n\t\t\t\t<input id=\"name\" name=\"informacion\" type=\"text\" \/>\n\t\t\t\tCual es tu nombre?\n\t\t\t\t<label for=\"name\">Name<\/label>\n\t\t\t\t<input id=\"name\" name=\"dependencia\" type=\"text\" \/>\n\t\t\t\tCual es tu nombre?\n\t\t\t\t<label for=\"name\">Name<\/label>\n\t\t\t\t<input id=\"name\" name=\"seleccione\" type=\"text\" \/>\n\t\t\t\tCual es tu nombre?\n\t\t\t\t<label for=\"name\">Name<\/label>\n\t\t\t\t<input id=\"name\" name=\"fecha\" type=\"text\" \/>\n\t\t\t\tCual es tu nombre?\n\t\t\t--><br \/>\n\t\t\t<!--\n\t\t\t\t<label for=\"email\">E-mail<\/label>\n\t\t\t\t<input id=\"email\" name=\"correo\" type=\"text\" \/>\n\t\t\t\tValid E-mail please, you will need it to log in!\n\t\t\t\t<label for=\"pass1\">Password<\/label>\n\t\t\t\t<input id=\"pass1\" name=\"provincia\" type=\"text\" \/>\n\t\t\t\tAt least 5 characters: letters, numbers and '_'\n\t\t\t\t<label for=\"pass2\">Confirm Password<\/label>\n\t\t\t\t<input id=\"pass2\" name=\"informacion\" type=\"text\" \/>\n\t\t\t\tConfirm password\n\t\t\t\t<label for=\"message\">Message<\/label>\n\t\t\t\t<textarea id=\"message\" name=\"dependencia\" cols=\"\" rows=\"\"><\/textarea>\n\t\t\t--><br \/>\n\t\t\t<\/em><\/p>\n<p align=\"left\">\n\t\t\t\t    <em><br \/>\n\t\t\t\t    <input id=\"send\" name=\"send\" type=\"submit\" value=\"Enviar\" \/><br \/>\n\t\t          <\/em><\/p>\n<\/p><\/form>\n<p><em>En el supuesto de que la Municipalidad no posea la informaci\u00f3n solicitada  y de conocer su ubicaci\u00f3n y destino, esta circunstancia deber\u00e1 ser puesta en  conocimiento del solicitante.<\/em><\/p>\n<p><em>_________________________________________________<\/em><\/p>\n<p align=\"justify\"><em>La Solicitud electr\u00f3nica de informaci\u00f3n ser\u00e1 enviada al correo registrado por el solicitante.<\/em><\/p>\n<p align=\"justify\"><em>En el caso de exceder los 10 megas. Se le enviara un link de descarga el cual formara parte del historial de solicitud de informaci\u00f3n del portal Institucional.<\/em><\/p>\n<p><\/body><br \/>\n<\/html><\/p>\n","protected":false},"excerpt":{"rendered":"<p>SOLICITUD ELECTR\u00d3NICA DE INFORMACI\u00d3N Solicitud Electr\u00f3nica de Informaci\u00f3n Ingrese sus Nombres: &#8230;&#8230;&#8230;. Cual es tu nombre? &nbsp; Ingrese su DNI: &#8230;&#8230;&#8230;&#8230;&#8230;&#8230;. Cual es tu DNI? Ingrese su Email: &#8230;&#8230;&#8230;&#8230;&#8230;. Cual es tu Correo Electr\u00f3nico? Area a Informar :&#8230;&#8230;&#8230;&#8230;&#8230;&#8230; Cual es tu \u00c1rea donde requiere la informaci\u00f3n? Informaci\u00f3n Solicitada:&#8230;&#8230;.. Indique la informaci\u00f3n que esta solicitando? En&#8230;<\/p>\n","protected":false},"author":1,"featured_media":0,"parent":0,"menu_order":0,"comment_status":"closed","ping_status":"closed","template":"","meta":[],"_links":{"self":[{"href":"https:\/\/www.munichilca.gob.pe\/site\/wp-json\/wp\/v2\/pages\/1252"}],"collection":[{"href":"https:\/\/www.munichilca.gob.pe\/site\/wp-json\/wp\/v2\/pages"}],"about":[{"href":"https:\/\/www.munichilca.gob.pe\/site\/wp-json\/wp\/v2\/types\/page"}],"author":[{"embeddable":true,"href":"https:\/\/www.munichilca.gob.pe\/site\/wp-json\/wp\/v2\/users\/1"}],"replies":[{"embeddable":true,"href":"https:\/\/www.munichilca.gob.pe\/site\/wp-json\/wp\/v2\/comments?post=1252"}],"version-history":[{"count":2,"href":"https:\/\/www.munichilca.gob.pe\/site\/wp-json\/wp\/v2\/pages\/1252\/revisions"}],"predecessor-version":[{"id":1254,"href":"https:\/\/www.munichilca.gob.pe\/site\/wp-json\/wp\/v2\/pages\/1252\/revisions\/1254"}],"wp:attachment":[{"href":"https:\/\/www.munichilca.gob.pe\/site\/wp-json\/wp\/v2\/media?parent=1252"}],"curies":[{"name":"wp","href":"https:\/\/api.w.org\/{rel}","templated":true}]}}